it of 533?
5
What is the units digit of 1946?
6
What is the units digit of 3373?
3
What is the hundreds digit of 19410?
4
What is the hundreds digit of 917?
9
What is the units digit of 562?
2
What is the hundreds digit of 3817?
8
What is the units digit of 6723?
3
What is the ten thousands digit of 21926?
2
What is the units digit of 2395?
5
What is the hundreds digit of 63201?
2
What is the units digit of 3534?
4
What is the thousands digit of 72966?
2
What is the tens digit of 77070?
7
What is the hundreds digit of 64137?
1
What is the hundreds digit of 79015?
0
What is the units digit of 749?
9
What is the thousands digit of 1828?
1
What is the thousands digit of 7551?
7
What is the thousands digit of 1252?
1
What is the hundreds digit of 53337?
3
What is the tens digit of 134313?
1
What is the thousands digit of 28139?
8
What is the hundreds digit of 65371?
3
What is the units digit of 3783?
3
What is the hundreds digit of 808?
8
What is the ten thousands digit of 16777?
1
What is the hundreds digit of 24923?
9
What is the tens digit of 478?
7
What is the units digit of 1569?
9
What is the tens digit of 18377?
7
What is the thousands digit of 12146?
2
What is the tens digit of 9065?
6
What is the thousands digit of 7886?
7
What is the thousands digit of 5756?
5
What is the thousands digit of 10840?
0
What is the hundreds digit of 5350?
3
What is the units digit of 49651?
1
What is the tens digit of 19760?
6
What is the units digit of 6648?
8
What is the thousands digit of 128409?
8
What is the thousands digit of 5727?
5
What is the units digit of 9125?
5
What is the units digit of 16240?
0
What is the hundreds digit of 6040?
0
What is the tens digit of 8049?
4
What is the units digit of 5879?
9
What is the units digit of 555?
5
What is the hundreds digit of 4052?
0
What is the hundreds digit of 29420?
4
What is the tens digit of 1812?
1
What is the tens digit of 13811?
1
What is the units digit of 2568?
8
What is the hundreds digit of 9072?
0
What is the tens digit of 87783?
8
What is the units digit of 2637?
7
What is the hundreds digit of 59573?
5
What is the hundreds digit of 7909?
9
What is the tens digit of 2560?
6
What is the tens digit of 15711?
1
What is the units digit of 11235?
5
What is the hundreds digit of 1269?
2
What is the tens digit of 47552?
5
What is the tens digit of 586?
8
What is the thousands digit of 2498?
2
What is the thousands digit of 34076?
4
What is the tens digit of 1582?
8
What is the hundreds digit of 1480?
4
What is the units digit of 127?
7
What is the thousands digit of 5649?
5
What is the hundreds digit of 662?
6
What is the units digit of 906?
6
What is the hundreds digit of 304?
3
What is the tens digit of 3295?
9
What is the hundreds digit of 7812?
8
What is the hundreds digit of 2203?
2
What is the tens digit of 19338?
3
What is the tens digit of 8060?
6
What is the ten thousands digit of 15132?
1
What is the units digit of 2185?
5
What is the tens digit of 1460?
6
What is the hundreds digit of 23619?
6
What is the tens digit of 2031?
3
What is the thousands digit of 1464?
1
What is the ten thousands digit of 78000?
7
What is the units digit of 596?
6
What is the units digit of 595?
5
What is the units digit of 3215?
5
What is the units digit of 515?
5
What is the thousands digit of 49640?
9
What is the units digit of 101?
1
What is the hundreds digit of 356?
3
What is the tens digit of 30?
3
What is the units digit of 1518?
8
What is the hundreds digit of 3726?
7
What is the ten thousands digit of 83201?
8
What is the units digit of 14831?
1
What is the thousands digit of 1410?
1
What is the hundreds digit of 10459?
4
What is the ten thousands digit of 23966?
2
What is the thousands digit of 1339?
1
What is the hundreds digit of 73087?
0
What is the tens digit of 55817?
1
What is the units digit of 2447?
7
What is the ten thousands digit of 12003?
1
What is the thousands digit of 4691?
4
What is the ten thousands digit of 18281?
1
What is the tens digit of 3864?
6
What is the tens digit of 5072?
7
What is the tens digit of 7417?
1
What is the thousands digit of 76593?
6
What is the units digit of 1397?
7
What is the hundreds digit of 3342?
3
What is the units digit of 55844?
4
What is the hundreds digit of 14739?
7
What is the tens digit of 3255?
5
What is the units digit of 27096?
6
What is the units digit of 2531?
1
What is the hundreds digit of 192?
1
What is the tens digit of 6402?
0
What is the ten thousands digit of 65318?
6
What is the hundreds digit of 447?
4
What is the tens digit of 2033?
3
What is the hundreds digit of 1103?
1
What is the hundreds digit of 11917?
9
What is the hundreds digit of 39179?
1
What is the hundreds digit of 104396?
3
What is the ten thousands digit of 59573?
5
What is the tens digit of 14020?
2
What is the units digit of 11303?
3
What is the hundreds digit of 517?
5
What is the units digit of 1317?
7
What is the hundreds digit of 222?
2
What is the tens digit of 3156?
5
What is the tens digit of 1240?
4
What is the hundreds digit of 489?
4
What is the tens digit of 2607?
0
What is the units digit of 1770?
0
What is the hundreds digit of 100111?
1
What is the ten thousands digit of 105493?
0
What is the hundreds digit of 997?
9
What is the hundreds digit of 3173?
1
What is the tens digit of 792?
9
What is the hundreds digit of 91969?
9
What is the ten thousands digit of 47212?
4
What is the hundreds digit of 3890?
8
What is the hundreds digit of 2139?
1
What is the thousands digit of 2429?
2
What is the hundreds digit of 855?
8
What is the units digit of 2156?
6
What is the tens digit of 111?
1
What is the thousands digit of 9452?
9
What is the ten thousands digit of 13058?
1
What is the units digit of 4883?
3
What is the tens digit of 5906?
0
What is the tens digit of 7991?
9
What is the tens digit of 631?
3
What is the units digit of 98?
8
What is the ten thousands digit of 10955?
1
What is the ten thousands digit of 51479?
5
What is the thousands digit of 5845?
5
What is the tens digit of 2328?
2
What is the units digit of 340?
0
What is the tens digit of 19067?
6
What is the thousands digit of 4856?
4
What is the tens digit of 13793?
9
What is the units digit of 466?
6
What is the thousands digit of 1451?
1
What is the tens digit of 817?
1
What is the tens digit of 509?
0
What is the ten thousands digit of 41651?
4
What is the units digit of 25075?
5
What is the hundreds digit of 4470?
4
What is the ten thousands digit of 27457?
2
What is the hundreds digit of 977?
9
What is the ten thousands digit of 17440?
1
What is the tens digit of 6106?
0
What is the units digit of 7148?
8
What is the tens digit of 41708?
0
What is the units digit of 48741?
1
What is the tens digit of 3300?
0
What is the thousands digit of 7184?
7
What is the units digit of 4860?
0
What is the units digit of 8446?
6
What is the thousands digit of 40844?
0
What is the tens digit of 74635?
3
What is the tens digit of 223?
2
What is the units digit of 56784?
4
What is the tens digit of 1576?
7
What is the thousands digit of 170848?
0
What is the thousands digit of 1685?
1
What is the thousands digit of 11752?
1
What is the hundreds digit of 271?
2
What is the units digit of 65388?
8
What is the tens digit of 4903?
0
What is the hundred thousands digit of 114509?
1
What is the units digit of 3745?
5
What is the tens digit of 255?
5
What is the thousands digit of 13803?
3
What is the tens digit of 425?
2
What is the tens digit of 8856?
5
What is the hundreds digit of 347?
3
What is the tens digit of 3204?
0
What is the units digit of 5652?
2
What is the ten thousands digit of 13086?
1
What is the hundreds digit of 4521?
5
What is the thousands digit of 5528?
5
What is the hundreds digit of 1621?
6
What is the thousands digit of 1127?
1
What is the tens digit of 1388?
8
What is the thousands digit of 2458?
2
What is the units digit of 36338?
8
What is the units digit of 12683?
3
What is the units digit of 5127?
7
What is the thousands digit of 30844?
0
What is the hundreds digit of 255?
2
What is the tens digit of 17076?
7
What is the hundreds digit of 71915?
9
What is the units digit of 3351?
1
What is the tens digit of 2128?
2
What is the units digit of 16073?
3
What is the units digit